{"id":2,"date":"2025-12-10T09:22:46","date_gmt":"2025-12-10T09:22:46","guid":{"rendered":"https:\/\/oltalomiskola.nyirgorkat.hu\/?page_id=2"},"modified":"2025-12-11T10:33:28","modified_gmt":"2025-12-11T09:33:28","slug":"istenszulo-oltalmarol-elnevezett-gorogkatolikus-altalanos-iskola","status":"publish","type":"page","link":"https:\/\/oltalomiskola.nyirgorkat.hu\/","title":{"rendered":"Istensz\u00fcl\u0151 Oltalm\u00e1r\u00f3l Elnevezett G\u00f6r\u00f6gkatolikus \u00c1ltal\u00e1nos Iskola"},"content":{"rendered":"\n<hr class=\"wp-block-separator has-alpha-channel-opacity\"\/>\n\n\n\n<pre class=\"wp-block-preformatted\"><em><mark style=\"background-color:#ddd5f5\" class=\"has-inline-color has-primary-color\">\"\u00d6r\u00fcljetek az \u00farban mindenkor!\" (Filippi 4:4-7)<\/mark><\/em><\/pre>\n\n\n\n<p><\/p>\n","protected":false},"excerpt":{"rendered":"<p>&#8222;\u00d6r\u00fcljetek az \u00farban mindenkor!&#8221; (Filippi 4:4-7)<\/p>\n","protected":false},"author":1,"featured_media":0,"parent":0,"menu_order":0,"comment_status":"closed","ping_status":"closed","template":"","meta":{"footnotes":""},"class_list":["post-2","page","type-page","status-publish","hentry"],"_links":{"self":[{"href":"https:\/\/oltalomiskola.nyirgorkat.hu\/index.php?rest_route=\/wp\/v2\/pages\/2","targetHints":{"allow":["GET"]}}],"collection":[{"href":"https:\/\/oltalomiskola.nyirgorkat.hu\/index.php?rest_route=\/wp\/v2\/pages"}],"about":[{"href":"https:\/\/oltalomiskola.nyirgorkat.hu\/index.php?rest_route=\/wp\/v2\/types\/page"}],"author":[{"embeddable":true,"href":"https:\/\/oltalomiskola.nyirgorkat.hu\/index.php?rest_route=\/wp\/v2\/users\/1"}],"replies":[{"embeddable":true,"href":"https:\/\/oltalomiskola.nyirgorkat.hu\/index.php?rest_route=%2Fwp%2Fv2%2Fcomments&post=2"}],"version-history":[{"count":3,"href":"https:\/\/oltalomiskola.nyirgorkat.hu\/index.php?rest_route=\/wp\/v2\/pages\/2\/revisions"}],"predecessor-version":[{"id":53,"href":"https:\/\/oltalomiskola.nyirgorkat.hu\/index.php?rest_route=\/wp\/v2\/pages\/2\/revisions\/53"}],"wp:attachment":[{"href":"https:\/\/oltalomiskola.nyirgorkat.hu\/index.php?rest_route=%2Fwp%2Fv2%2Fmedia&parent=2"}],"curies":[{"name":"wp","href":"https:\/\/api.w.org\/{rel}","templated":true}]}}